
What is the greatest common factor of 1311 and 23?
23
What is the greatest common divisor of 92201 and 137?
137
What is the highest common factor of 30 and 470?
10
Calculate the highest common divisor of 18 and 360.
18
Calculate the greatest common divisor of 1927 and 47.
47
Calculate the greatest common divisor of 22 and 473.
11
What is the highest common factor of 154 and 22?
22
What is the greatest common divisor of 2637 and 3809?
293
What is the highest common factor of 60 and 1470?
30
What is the highest common divisor of 3861 and 39?
39
Calculate the greatest common factor of 9 and 117.
9
What is the highest common factor of 275 and 11?
11
Calculate the greatest common divisor of 2556 and 36.
36
Calculate the greatest common factor of 201 and 282.
3
Calculate the greatest common divisor of 497 and 49.
7
Calculate the highest common divisor of 8451 and 108.
27
What is the highest common factor of 1155 and 15?
15
What is the greatest common factor of 2050 and 50?
50
What is the highest common divisor of 1001 and 7?
7
Calculate the greatest common factor of 506 and 1748.
46
What is the greatest common factor of 2871 and 1089?
99
Calculate the highest common divisor of 36 and 4.
4
What is the greatest common factor of 36 and 60?
12
Calculate the highest common divisor of 120 and 108.
12
Calculate the highest common divisor of 28 and 1316.
28
Calculate the highest common divisor of 6 and 57.
3
Calculate the highest common divisor of 732 and 6.
6
Calculate the greatest common divisor of 264 and 88.
88
Calculate the highest common divisor of 4245 and 30.
15
Calculate the greatest common factor of 148 and 5994.
74
What is the highest common factor of 145 and 385?
5
What is the highest common divisor of 98 and 18?
2
What is the highest common factor of 2223 and 468?
117
Calculate the highest common divisor of 25 and 675.
25
What is the highest common factor of 2756 and 530?
106
Calculate the greatest common divisor of 324 and 675.
27
Calculate the greatest common divisor of 57 and 1083.
57
What is the highest common divisor of 90 and 4014?
18
Calculate the greatest common divisor of 145 and 667.
29
What is the highest common divisor of 1457 and 47?
47
What is the greatest common factor of 3013 and 23?
23
What is the greatest common factor of 64 and 40?
8
What is the greatest common factor of 13698 and 18?
18
Calculate the greatest common factor of 68 and 36.
4
What is the highest common divisor of 98 and 154?
14
What is the highest common factor of 714 and 7?
7
What is the greatest common factor of 403 and 221?
13
Calculate the greatest common divisor of 4316 and 65.
13
Calculate the highest common divisor of 957 and 87.
87
What is the greatest common factor of 595 and 1020?
85
Calculate the highest common divisor of 14 and 588.
14
Calculate the highest common factor of 95 and 3724.
19
Calculate the greatest common factor of 115 and 161.
23
What is the highest common factor of 336 and 1204?
28
Calculate the greatest common factor of 146 and 17155.
73
What is the highest common divisor of 572 and 208?
52
Calculate the greatest common divisor of 24 and 3336.
24
Calculate the greatest common divisor of 20 and 30.
10
What is the greatest common divisor of 12 and 6492?
12
What is the highest common factor of 925 and 25?
25
What is the greatest common factor of 4526 and 62?
62
What is the highest common factor of 13413 and 51?
51
Calculate the highest common divisor of 18 and 18.
18
What is the highest common divisor of 2555 and 35?
35
Calculate the highest common divisor of 5504 and 256.
128
What is the highest common divisor of 248 and 62?
62
Calculate the greatest common divisor of 130 and 247.
13
What is the greatest common divisor of 7 and 207?
1
Calculate the greatest common divisor of 44 and 20.
4
Calculate the greatest common divisor of 32 and 248.
8
Calculate the highest common divisor of 85 and 51.
17
What is the highest common divisor of 56 and 21?
7
What is the highest common divisor of 1073 and 37?
37
Calculate the greatest common divisor of 39 and 156.
39
What is the highest common divisor of 14 and 42?
14
What is the greatest common factor of 855 and 225?
45
What is the greatest common factor of 511 and 803?
73
What is the greatest common divisor of 21 and 3717?
21
Calculate the highest common divisor of 30 and 54.
6
Calculate the greatest common divisor of 858 and 26.
26
Calculate the greatest common divisor of 486 and 18.
18
What is the greatest common factor of 184 and 23?
23
What is the greatest common divisor of 28 and 23282?
14
What is the highest common factor of 70 and 385?
35
Calculate the greatest common divisor of 910 and 70.
70
Calculate the greatest common divisor of 6 and 702.
6
Calculate the greatest common factor of 4417 and 14.
7
What is the highest common divisor of 7 and 35?
7
Calculate the highest common factor of 1311 and 69.
69
What is the highest common factor of 88 and 308?
44
What is the highest common factor of 377 and 65?
13
Calculate the highest common divisor of 22 and 1441.
11
What is the highest common factor of 7336 and 2358?
262
Calculate the highest common factor of 240 and 32.
16
Calculate the highest common divisor of 143 and 13.
13
What is the highest common factor of 37 and 592?
37
Calculate the highest common divisor of 18 and 2058.
6
What is the highest common factor of 26 and 8?
2
What is the greatest common factor of 15 and 45?
15
What is the greatest common factor of 12 and 60?
12
Calculate the highest common factor of 20 and 3980.
20
Calculate the highest common factor of 15 and 24.
3
Calculate the highest common factor of 35 and 385.
35
What is the highest common factor of 4385 and 20?
5
What is the greatest common divisor of 270 and 4725?
135
Calculate the greatest common divisor of 2 and 8.
2
What is the highest common factor of 20 and 220?
20
Calculate the highest common factor of 13 and 13104.
13
What is the highest common factor of 33 and 11?
11
What is the highest common factor of 160 and 100?
20
Calculate the highest common factor of 168 and 72.
24
What is the highest common factor of 9340 and 40?
20
What is the greatest common factor of 2286 and 26?
2
What is the highest common divisor of 19761 and 21?
21
What is the highest common factor of 16 and 2288?
16
What is the highest common divisor of 1127 and 5047?
49
What is the greatest common divisor of 850 and 136?
34
Calculate the greatest common factor of 32 and 5872.
16
What is the highest common divisor of 192 and 1308?
12
What is the greatest common factor of 539 and 245?
49
Calculate the highest common factor of 27 and 3537.
27
What is the greatest common factor of 404 and 8?
4
Calculate the highest common divisor of 11 and 6798.
11
Calculate the greatest common divisor of 357 and 126.
21
Calculate the highest common divisor of 2 and 778.
2
Calculate the greatest common factor of 2 and 192.
2
Calculate the highest common factor of 648 and 8.
8
Calculate the greatest common factor of 152 and 266.
38
Calculate the highest common factor of 74 and 1406.
74
What is the greatest common factor of 25 and 5?
5
What is the greatest common factor of 13179 and 191?
191
Calculate the highest common divisor of 2088 and 18.
18
Calculate the greatest common factor of 8 and 27.
1
Calculate the highest common factor of 3422 and 58.
58
What is the greatest common factor of 17050 and 44?
22
Calculate the greatest common factor of 55 and 125.
5
What is the greatest common divisor of 437 and 368?
23
What is the highest common divisor of 14 and 8750?
14
What is the highest common divisor of 46 and 207?
23
What is the greatest common divisor of 38 and 8797?
19
What is the highest common factor of 24 and 420?
12
What is the highest common factor of 60 and 1350?
30
Calculate the greatest common factor of 3 and 123.
3
Calculate the highest common factor of 357 and 21.
21
What is the greatest common factor of 1649 and 119?
17
What is the greatest common divisor of 1085 and 70?
35
Calculate the greatest common factor of 20 and 60.
20
What is the greatest common factor of 558 and 18?
18
Calculate the greatest common factor of 20 and 335.
5
What is the greatest common divisor of 168 and 2412?
12
What is the greatest common factor of 2187 and 9?
9
Calculate